 q(-16).
-410
Let s(n) = 12*n + 373. Give s(-30).
13
Let u(m) = m**2 - 4592*m + 91435. What is u(20)?
-5
Let r(w) = 806*w + 560. Determine r(-1).
-246
Let h(y) = -y**3 + 11*y**2 + 2132*y + 3. What is h(52)?
3
Let s(m) = 26*m**3 + 17*m**2 + 2*m - 4. What is s(2)?
276
Let g(j) = 13*j**3 + 106*j**2 + 2*j - 106. Give g(-8).
6
Let q(w) = -w**2 - 130*w - 1499. Give q(-13).
22
Let d(y) = -11*y - 1340. Calculate d(-121).
-9
Let b(j) = -3*j**2 - 123*j - 7. Calculate b(-41).
-7
Let h(b) = 57*b + 522. Calculate h(-9).
9
Let p(s) = 50*s + 13. Determine p(0).
13
Let k(r) = 8104*r + 40511. What is k(-5)?
-9
Let r(c) = -2*c**2 + 8*c - 15. Give r(-5).
-105
Let f(j) = j**3 - 15*j**2 + 15*j + 51. What is f(13)?
-92
Let k(b) = -577*b - 14387. Determine k(-25).
38
Let c(y) = -43*y + 622. Give c(14).
20
Let t(v) = 9*v**2 - 91*v + 515. Determine t(7).
319
Let w(m) = m**3 + 54*m**2 + 107*m + 145. Calculate w(-52).
-11
Let y(d) = -2*d**3 + 19*d**2 + 44*d - 528. Determine y(8).
16
Let n(p) = -p**2 - 26*p - 57. What is n(-23)?
12
Let c(b) = b**2 - 429*b - 31001. Calculate c(-63).
-5
Let h(c) = -43*c - 196. Give h(-10).
234
Let a(z) = 2*z**3 + 7*z**2 + z + 7. Calculate a(-4).
-13
Let o(z) = -86*z**3 - 2*z**2 - 7*z - 5. Give o(-1).
86
Let g(w) = -579*w - 37639. Determine g(-65).
-4
Let z(b) = b**2 + 647*b - 5910. Determine z(9).
-6
Let h(j) = 24293*j - 97171. What is h(4)?
1
Let t(m) = 2*m**3 + 202*m**2 + 6*m + 599. Determine t(-101).
-7
Let c(w) = -w**3 - w**2 + 131*w + 18. What is c(-12)?
30
Let h(a) = -3*a**2 + 118*a - 183. Give h(38).
-31
Let n(p) = -9*p**2 - 150*p + 151. What is n(1)?
-8
Let h(f) = 1233*f - 51793. Determine h(42).
-7
Let m(r) = 89*r - 531. Give m(8).
181
Let g(q) = 2*q**2 - 7*q - 870. Calculate g(23).
27
Let t(i) = -3*i**3 - 35*i**2 - 35*i - 128. Determine t(-11).
15
Let g(n) = -n**2 + 1015*n + 4067. What is g(-4)?
-9
Let v(l) = 1437*l + 8621. Determine v(-6).
-1
Let t(d) = 1318*d - 7913. What is t(6)?
-5
Let z(t) = 2*t**2 - 77*t + 529. Determine z(30).
19
Let t(l) = -l**2 + 257*l + 2117. Give t(-8).
-3
Let n(x) = 407*x - 7232. Give n(18).
94
Let u(w) = -w**2 - 69*w + 659. What is u(9)?
-43
Let a(x) = 79*x**3 + 3*x**2 - 5*x - 2. Give a(-1).
-73
Let n(f) = -3*f**3 - 59*f**2 + 16*f - 95. Calculate n(-20).
-15
Let d(o) = -23*o**2 - 390*o + 37. What is d(-17)?
20
Let s(d) = -2*d**2 + 87*d - 146. Calculate s(45).
-281
Let q(c) = c**2 + 168*c - 3737. Give q(20).
23
Let m(i) = 82*i + 2372. Give m(-29).
-6
Let g(k) = -2934*k + 32276. What is g(11)?
2
Let d(h) = -599*h + 4174. What is d(7)?
-19
Let o(z) = 18*z + 262. Determine o(0).
262
Let x(q) = -5*q + 7. Give x(6).
-23
Let p(u) = -44*u + 51. Give p(0).
51
Let h(k) = -99*k - 14908. Determine h(-150).
-58
Let d(t) = -22*t**3 + 5*t - 5. Determine d(-3).
574
Let w(g) = 1646*g + 3. Give w(0).
3
Let v(d) = -d**3 + 21*d**2 - 13*d - 373. Calculate v(19).
102
Let q(s) = s**3 + 17*s**2 - 23*s - 418. Calculate q(-17).
-27
Let h(p) = -p**3 - 5*p**2 - 4*p + 4. Give h(-4).
4
Let k(u) = u**3 - 7*u**2 - 634*u + 6033. Give k(10).
-7
Let j(c) = 1263*c - 10115. What is j(8)?
-11
Let u(s) = -59*s**3 + 1830*s**2 - 28*s - 118. Determine u(31).
-25
Let y(o) = -o + 110. Give y(33).
77
Let s(c) = 204*c - 31013. Give s(152).
-5
Let i(k) = 2*k**3 - 14*k**2 + 23*k - 26. Calculate i(5).
-11
Let w(d) = d**3 - 104*d**2 + 203*d - 31. Calculate w(102).
-133
Let p(n) = -2*n**3 + 21*n**2 + 71*n - 5. Calculate p(-3).
25
Let a(m) = 2*m**3 - 3*m**2 - 151*m - 3. Give a(-8).
-11
Let v(b) = -b**2 + 9*b + 68. Determine v(-5).
-2
Let k(n) = -2790*n + 69755. Give k(25).
5
Let i(x) = -x**3 + 10*x**2 - 4*x - 18. What is i(8)?
78
Let d(z) = 103*z + 336. Determine d(-4).
-76
Let o(g) = 36*g + 34. Give o(4).
178
Let k(m) = -m**3 - 3*m**2 + 232*m - 39. Determine k(14).
-123
Let d(x) = 417*x + 5011. What is d(-12)?
7
Let f(t) = -54*t - 35. Give f(-8).
397
Let a(k) = -k**3 + 6*k**2 + 5*k - 6. What is a(4)?
46
Let q(f) = f**3 + 12*f**2 - 23*f + 29. Determine q(-14).
-41
Let s(z) = 11*z**3 - z**2 + 73*z - 73. Calculate s(1).
10
Let t(l) = l**3 - 12*l**2 + 2*l + 145. Calculate t(9).
-80
Let t(z) = -67*z + 41. Give t(-1).
108
Let c(r) = -r**3 - 14*r**2 - 26*r - 10. Give c(-12).
14
Let f(s) = -9*s + 610. What is f(66)?
16
Let c(b) = 5243*b + 178262. What is c(-34)?
0
Let d(s) = 3*s**3 + 49*s**2 + 56*s - 62. Give d(-15).
-2
Let i(b) = -b**3 + 6*b**2 - 22*b + 182. Determine i(7).
-21
Let n(b) = -b**2 + 12*b + 217. Calculate n(-9).
28
Let x(j) = 243*j - 1469. What is x(6)?
-11
Let t(y) = -7*y**2 + 101*y + 309. Calculate t(17).
3
Let a(j) = -9*j + 207. Determine a(22).
9
Let g(r) = 4*r**2 - 10*r - 317. Determine g(9).
-83
Let x(v) = -v**3 - 11*v**2 - 7*v - 20. What is x(-10)?
-50
Let o(n) = -140*n - 21568. Give o(-154).
-8
Let m(f) = f**3 - 120*f**2 - 399*f + 3688. Calculate m(123).
-2
Let y(i) = 2*i**2 - 18*i - 24. Give y(-2).
20
Let j(h) = -3*h**2 - 22*h + 82. Give j(4).
-54
Let y(k) = -3*k**3 + k - 10. Give y(3).
-88
Let q(p) = p**2 + 18*p - 986. Give q(23).
-43
Let r(k) = -k**2 - 19*k - 64. Determine r(9).
-316
Let r(g) = 15*g**2 - 39*g + 157. What is r(4)?
241
Let c(w) = -w**2 - 80*w - 507. Give c(-71).
132
Let k(r) = 2*r**3 - 8*r**2 + r + 44. Calculate k(4).
48
Let u(v) = -67*v - 1372. Determine u(-18).
-166
Let b(d) = -6*d**2 + 15*d + 1. Give b(4).
-35
Let k(w) = 528*w**2 + 2119*w + 32. Calculate k(-4).
4
Let h(z) = -31*z - 106. What is h(14)?
-540
Let u(t) = 4*t**3 - 35*t**2 + 47*t - 70. Give u(9).
434
Let c(q) = -q**3 - 30*q**2 - 221*q - 149. Give c(-11).
-17
Let p(g) = -2*g**2 + 608*g + 8898. Calculate p(318).
-6
Let k(z) = -31*z + 47. Determine k(8).
-201
Let x(z) = 4*z**2 + 155*z + 782. Give x(-6).
-4
Let w(k) = -2*k**2 + 76*k + 427. What is w(43)?
-3
Let c(b) = -52*b**2 + 214*b - 2. Calculate c(4).
22
Let a(z) = z**3 - 53*z**2 - 68*z + 291. Calculate a(54).
-465
Let q(h) = 6*h**3 + 10*h**2 - 54*h - 18. Give q(5).
712
Let l(v) = 3*v**3 + 3*v**2 + 12*v + 18. Give l(-2).
-18
Let w(b) = b**3 + 16*b**2 - 19*b - 31. Give w(-17).
3
Let d(w) = 207*w**2 - 9937*w + 54. What is d(48)?
6
Let g(r) = r**3 + 28*r**2 + 44*r + 152. What is g(-26)?
360
Let x(b) = -b**2 + 43*b + 1695. Calculate x(68).
-5
Let z(r) = -21*r**3 - 23*r**2 + 6*r + 9. Determine z(-1).
1
Let x(q) = -9*q + 62. Give x(-17).
215
Let d(m) = -m**2 + 80*m + 5128. Give d(-42).
4
Let y(i) = -3*i**2 + i + 23. Give y(5).
-47
Let f(z) = 2*z**3 + 148*z**2 + 3*z + 228. What is f(-74)?
6
Let f(i) = -2*i**2 - 15*i - 63. What is f(-9)?
-90
Let m(j) = 3*j**3 + 143*j**2 - 295*j + 10. What is m(2)?
16
Let c(s) = -20*s + 626. Calculate c(30).
26
Let m(h) = -45*h**3 + 585*h**2 + 14*h - 133. Calculate m(13).
49
Let y(b) = -2*b**3 - 92*b**2 + 4143*b - 82. What is y(-74)?
-8
Let a(z) = -78*z - 3191. What is a(-44)?
241
Let a(c) = -75*c - 789. Determine a(-8).
-189
Let j(s) = -s**3 - 16*s**2 - 50*s - 6. Determine j(-12).
18
Let z(t) = t**2 - 22*t + 120. Give z(7).
15
Let b(v) = -v**2 + 31*v - 70. Calculate b(27).
38
Let o(m) = 60*m - 6241. Give o(104).
-1
Let z(f) = -f**3 - 19*f**2 - 63*f - 53. Determine z(-15).
-8
Let c(h) = 13*h**3 - 4*h**2 - 11*h - 13. What is c(-3)?
-367
Let m(p) = -174*p - 14944. Give m(-86).
20
Let o(v) = 28213*v - 141065. Calculate o(5).
0
Let u(z) = -505*z + 57063. Calculate u(113).
-2
Let f(g) = -2*g**3 - 8*g**2 - 5*g - 21. What is f(-6)?
153
Let a(o) = -343*o - 62076. What is a(-181)?
7
Let b(z) = 476*z - 9105. What is b(19)?
-61
Let z(m) = m**3 - 67*m**2 + 18*m - 1188. Calculate z(67).
18
Let v(d) = 21*d**2 + 8. Calculate v(-4).
344
Let s(q) = -2*q**2 - 26*q + 24. What is s(-13)?
24
Let k(s) = -5*s**2 - 55*s - 37. Determine k(-15).
-337
Let n(q) = q + 10. Calculate n(-7).
3
Let t(f) = -267*f + 10144. Calculate t(38).
-2
Let l(i) = -24*i**2 - 5329*i - 230. Determine l(-222).
-8
Let g(q) = 100*q**2 + 2301*q + 4. Calculate g(-23).
-19
Let z(r) = -2*r + 252. Determine z(-9).
270
Let d(h) = -27*h + 141. Calculate d(1).
114
Let q(j) = -4*j - 212. Give q(-53).
0
Let w(j) = -53*j - 1443. Give w(-19).
-436
Let p(s) = -s**2 - 40*s + 267. Calculate p(6).
-9
Let n(a) = -19*a + 612. What is n(29)?
61
Let q(k) = 6030*k + 36177. Determine q(-6).
-3
Let p(m) = -m**3 + 3*m**2 + 54*m - 213. Give p(5).
7
Let s(d) = 2*d**3 + 2*d**2 - 10*d + 8. What is s(2)?
12
Let t(a) = 4*a**2 - 12*a - 5. Calculate t(-1).
